e units digit of 6978589?
9
What is the tens digit of 132985?
8
What is the millions digit of 3538328?
3
What is the thousands digit of 9836?
9
What is the thousands digit of 184231?
4
What is the units digit of 797360?
0
What is the thousands digit of 12139480?
9
What is the thousands digit of 6360882?
0
What is the hundreds digit of 138003?
0
What is the thousands digit of 476123?
6
What is the hundreds digit of 135500?
5
What is the ten thousands digit of 880680?
8
What is the millions digit of 2092127?
2
What is the hundred thousands digit of 1442483?
4
What is the hundred thousands digit of 1774924?
7
What is the hundred thousands digit of 386221?
3
What is the hundreds digit of 3384935?
9
What is the hundreds digit of 450542?
5
What is the units digit of 42278?
8
What is the ten thousands digit of 704733?
0
What is the hundred thousands digit of 793985?
7
What is the thousands digit of 22566?
2
What is the hundreds digit of 1355592?
5
What is the hundred thousands digit of 1097588?
0
What is the thousands digit of 1577061?
7
What is the thousands digit of 918662?
8
What is the thousands digit of 67703?
7
What is the thousands digit of 14211033?
1
What is the millions digit of 5857742?
5
What is the tens digit of 1093886?
8
What is the tens digit of 468404?
0
What is the tens digit of 15836932?
3
What is the units digit of 1860585?
5
What is the tens digit of 4429?
2
What is the ten thousands digit of 3496935?
9
What is the millions digit of 7957315?
7
What is the tens digit of 145478?
7
What is the units digit of 80221?
1
What is the units digit of 658809?
9
What is the thousands digit of 1074752?
4
What is the tens digit of 191147?
4
What is the ten thousands digit of 89899?
8
What is the millions digit of 19093623?
9
What is the ten thousands digit of 31880668?
8
What is the tens digit of 542657?
5
What is the hundred thousands digit of 164967?
1
What is the hundreds digit of 1598059?
0
What is the thousands digit of 328672?
8
What is the thousands digit of 3435394?
5
What is the thousands digit of 7432851?
2
What is the hundred thousands digit of 1149992?
1
What is the hundreds digit of 2212360?
3
What is the millions digit of 10056659?
0
What is the tens digit of 3145760?
6
What is the hundreds digit of 217852?
8
What is the hundreds digit of 3086776?
7
What is the tens digit of 2523232?
3
What is the thousands digit of 23837239?
7
What is the ten thousands digit of 2954532?
5
What is the hundred thousands digit of 159681?
1
What is the hundreds digit of 514172?
1
What is the units digit of 184055?
5
What is the units digit of 717341?
1
What is the units digit of 548235?
5
What is the units digit of 495808?
8
What is the ten thousands digit of 1228698?
2
What is the tens digit of 8627948?
4
What is the hundreds digit of 448845?
8
What is the thousands digit of 325677?
5
What is the hundred thousands digit of 1028907?
0
What is the units digit of 96804?
4
What is the thousands digit of 7820?
7
What is the units digit of 5488546?
6
What is the hundreds digit of 29855883?
8
What is the hundreds digit of 233293?
2
What is the hundred thousands digit of 130544?
1
What is the units digit of 11560001?
1
What is the hundreds digit of 852567?
5
What is the hundreds digit of 426097?
0
What is the millions digit of 1278992?
1
What is the ten millions digit of 10764143?
1
What is the ten thousands digit of 996159?
9
What is the hundred thousands digit of 9292299?
2
What is the units digit of 6129693?
3
What is the tens digit of 745064?
6
What is the tens digit of 150186?
8
What is the units digit of 139771?
1
What is the tens digit of 1361082?
8
What is the ten thousands digit of 2081842?
8
What is the tens digit of 6893?
9
What is the thousands digit of 3125484?
5
What is the ten thousands digit of 23577529?
7
What is the hundreds digit of 29566242?
2
What is the hundred thousands digit of 26413584?
4
What is the thousands digit of 804833?
4
What is the thousands digit of 6476540?
6
What is the tens digit of 81550?
5
What is the hundred thousands digit of 10150097?
1
What is the units digit of 452972?
2
What is the tens digit of 13330268?
6
What is the hundreds digit of 522886?
8
What is the thousands digit of 52548?
2
What is the thousands digit of 986612?
6
What is the hundreds digit of 272958?
9
What is the thousands digit of 247375?
7
What is the hundred thousands digit of 341364?
3
What is the thousands digit of 2005940?
5
What is the thousands digit of 1503057?
3
What is the hundred thousands digit of 1626573?
6
What is the hundreds digit of 1572049?
0
What is the hundred thousands digit of 1445025?
4
What is the tens digit of 3057642?
4
What is the hundred thousands digit of 9169990?
1
What is the millions digit of 20768378?
0
What is the hundreds digit of 837537?
5
What is the hundreds digit of 1747509?
5
What is the tens digit of 94496?
9
What is the ten thousands digit of 3393602?
9
What is the hundreds digit of 548657?
6
What is the hundreds digit of 841096?
0
What is the hundred thousands digit of 564234?
5
What is the tens digit of 3052234?
3
What is the hundred thousands digit of 2045226?
0
What is the units digit of 806886?
6
What is the thousands digit of 241079?
1
What is the ten thousands digit of 50715?
5
What is the hundred thousands digit of 969199?
9
What is the hundreds digit of 31612?
6
What is the hundred thousands digit of 2859150?
8
What is the units digit of 180506?
6
What is the thousands digit of 342606?
2
What is the thousands digit of 329612?
9
What is the hundred thousands digit of 1224870?
2
What is the thousands digit of 5190860?
0
What is the units digit of 2845410?
0
What is the units digit of 11450552?
2
What is the thousands digit of 117275?
7
What is the thousands digit of 209517?
9
What is the units digit of 892362?
2
What is the units digit of 5639721?
1
What is the ten thousands digit of 284512?
8
What is the ten thousands digit of 1177080?
7
What is the thousands digit of 604737?
4
What is the thousands digit of 426204?
6
What is the hundred thousands digit of 3558731?
5
What is the units digit of 267189?
9
What is the hundreds digit of 468196?
1
What is the hundreds digit of 7510315?
3
What is the millions digit of 2150206?
2
What is the hundred thousands digit of 2487834?
4
What is the hundreds digit of 48037?
0
What is the ten thousands digit of 8674859?
7
What is the hundred thousands digit of 707561?
7
What is the hundred thousands digit of 258089?
2
What is the ten thousands digit of 33137673?
3
What is the hundreds digit of 1647388?
3
What is the ten thousands digit of 1844996?
4
What is the hundred thousands digit of 874606?
8
What is the ten thousands digit of 5059832?
5
What is the units digit of 637096?
6
What is the hundred thousands digit of 979702?
9
What is the thousands digit of 95787?
5
What is the hundred thousands digit of 7216861?
2
What is the hundred thousands digit of 13693156?
6
What is the hundred thousands digit of 123335?
1
What is the thousands digit of 3278058?
8
What is the thousands digit of 520070?
0
What is the millions digit of 3883607?
3
What is the units digit of 3984615?
5
What is the tens digit of 926140?
4
What is the ten thousands digit of 24021070?
2
What is the tens digit of 139300?
0
What is the units digit of 1501157?
7
What is the units digit of 347080?
0
What is the units digit of 2443185?
5
What is the millions digit of 3618308?
3
What is the ten thousands digit of 94906?
9
What is the hundreds digit of 201932?
9
What is the units digit of 494560?
0
What is the ten thousands digit of 23592238?
9
What is the units digit of 98157?
7
What is the units digit of 56854?
4
What is the millions digit of 5646337?
5
What is the hundred thousands digit of 8492294?
4
What is the ten thousands digit of 258486?
5
What is the hundreds digit of 1322785?
7
What is the millions digit of 1074918?
1
What is the units digit of 10349716?
6
What is the hundred thousands digit of 216333?
2
What is the ten thousands digit of 3923823?
2
What is the hundred thousands digit of 348672?
3
What is the tens digit of 157500?
0
What is the thousands digit of 603112?
3
What is the millions digit of 15186704?
5
What is the ten millions digit of 26153519?
2
What is the units digit of 38